CRAN Package Check Results for Package EnsembleBase

Last updated on 2020-12-01 00:46:41 CET.

Flavor Version Tinstall Tcheck Ttotal Status Flags
r-devel-linux-x86_64-debian-clang 1.0.2 14.57 85.61 100.18 OK
r-devel-linux-x86_64-debian-gcc 1.0.2 10.90 65.80 76.70 OK
r-devel-linux-x86_64-fedora-clang 1.0.2 130.46 OK
r-devel-linux-x86_64-fedora-gcc 1.0.2 124.81 OK
r-devel-windows-ix86+x86_64 1.0.2 25.00 116.00 141.00 OK
r-patched-linux-x86_64 1.0.2 14.42 82.05 96.47 OK
r-patched-solaris-x86 1.0.2 169.80 OK
r-release-linux-x86_64 1.0.2 14.12 80.79 94.91 OK
r-release-macos-x86_64 1.0.2 OK
r-release-windows-ix86+x86_64 1.0.2 29.00 85.00 114.00 OK
r-oldrel-macos-x86_64 1.0.2 OK
r-oldrel-windows-ix86+x86_64 1.0.2 12.00 7.00 19.00 ERROR

Check Details

Version: 1.0.2
Check: whether package can be installed
Result: ERROR
    Installation failed.
Flavor: r-oldrel-windows-ix86+x86_64