Last updated on 2020-12-01 00:46:41 CET.
Flavor | Version | Tinstall | Tcheck | Ttotal | Status | Flags |
---|---|---|---|---|---|---|
r-devel-linux-x86_64-debian-clang | 0.7 | 12.93 | 81.57 | 94.50 | OK | |
r-devel-linux-x86_64-debian-gcc | 0.7 | 8.28 | 63.73 | 72.01 | OK | |
r-devel-linux-x86_64-fedora-clang | 0.7 | 123.26 | OK | |||
r-devel-linux-x86_64-fedora-gcc | 0.7 | 113.59 | OK | |||
r-devel-windows-ix86+x86_64 | 0.7 | 21.00 | 111.00 | 132.00 | OK | |
r-patched-linux-x86_64 | 0.7 | 12.57 | 79.71 | 92.28 | OK | |
r-patched-solaris-x86 | 0.7 | 158.90 | OK | |||
r-release-linux-x86_64 | 0.7 | 9.31 | 78.19 | 87.50 | OK | |
r-release-macos-x86_64 | 0.7 | OK | ||||
r-release-windows-ix86+x86_64 | 0.7 | 16.00 | 78.00 | 94.00 | OK | |
r-oldrel-macos-x86_64 | 0.7 | OK | ||||
r-oldrel-windows-ix86+x86_64 | 0.7 | 10.00 | 6.00 | 16.00 | ERROR |
Version: 0.7
Check: whether package can be installed
Result: ERROR
Installation failed.
Flavor: r-oldrel-windows-ix86+x86_64