Last updated on 2020-12-01 00:46:42 CET.
Flavor | Version | Tinstall | Tcheck | Ttotal | Status | Flags |
---|---|---|---|---|---|---|
r-devel-linux-x86_64-debian-clang | 0.1.1 | 4.95 | 74.88 | 79.83 | NOTE | |
r-devel-linux-x86_64-debian-gcc | 0.1.1 | 3.25 | 56.65 | 59.90 | NOTE | |
r-devel-linux-x86_64-fedora-clang | 0.1.1 | 102.20 | OK | |||
r-devel-linux-x86_64-fedora-gcc | 0.1.1 | 92.59 | OK | |||
r-devel-windows-ix86+x86_64 | 0.1.1 | 8.00 | 91.00 | 99.00 | NOTE | |
r-patched-linux-x86_64 | 0.1.1 | 4.89 | 72.01 | 76.90 | NOTE | |
r-patched-solaris-x86 | 0.1.1 | 173.30 | OK | |||
r-release-linux-x86_64 | 0.1.1 | 4.96 | 72.74 | 77.70 | NOTE | |
r-release-macos-x86_64 | 0.1.1 | OK | ||||
r-release-windows-ix86+x86_64 | 0.1.1 | 8.00 | 74.00 | 82.00 | NOTE | |
r-oldrel-macos-x86_64 | 0.1.1 | OK | ||||
r-oldrel-windows-ix86+x86_64 | 0.1.1 | 6.00 | 90.00 | 96.00 | OK |
Version: 0.1.1
Check: package vignettes
Result: NOTE
Package vignette with placeholder title 'Vignette Title':
'FusionLearn.Rmd'
Flavors: r-devel-linux-x86_64-debian-clang, r-devel-linux-x86_64-debian-gcc, r-devel-windows-ix86+x86_64, r-patched-linux-x86_64, r-release-linux-x86_64, r-release-windows-ix86+x86_64