CRAN Package Check Results for Package GDAtools

Last updated on 2020-12-01 00:46:42 CET.

Flavor Version Tinstall Tcheck Ttotal Status Flags
r-devel-linux-x86_64-debian-clang 1.5 12.19 78.08 90.27 OK
r-devel-linux-x86_64-debian-gcc 1.5 7.45 59.69 67.14 OK
r-devel-linux-x86_64-fedora-clang 1.5 109.00 NOTE
r-devel-linux-x86_64-fedora-gcc 1.5 99.85 OK
r-devel-windows-ix86+x86_64 1.5 20.00 106.00 126.00 OK
r-patched-linux-x86_64 1.5 9.90 74.46 84.36 OK
r-patched-solaris-x86 1.5 134.10 OK
r-release-linux-x86_64 1.5 9.47 73.32 82.79 OK
r-release-macos-x86_64 1.5 OK
r-release-windows-ix86+x86_64 1.5 16.00 81.00 97.00 OK
r-oldrel-macos-x86_64 1.5 OK
r-oldrel-windows-ix86+x86_64 1.5 20.00 103.00 123.00 OK

Check Details

Version: 1.5
Check: Rd cross-references
Result: NOTE
    Undeclared package ‘vcd’ in Rd xrefs
Flavor: r-devel-linux-x86_64-fedora-clang