Last updated on 2020-12-01 00:46:43 CET.
Flavor | Version | Tinstall | Tcheck | Ttotal | Status | Flags |
---|---|---|---|---|---|---|
r-devel-linux-x86_64-debian-clang | 0.1.3 | 13.21 | 85.46 | 98.67 | OK | |
r-devel-linux-x86_64-debian-gcc | 0.1.3 | 9.66 | 66.91 | 76.57 | OK | |
r-devel-linux-x86_64-fedora-clang | 0.1.3 | 121.77 | NOTE | |||
r-devel-linux-x86_64-fedora-gcc | 0.1.3 | 112.57 | NOTE | |||
r-devel-windows-ix86+x86_64 | 0.1.3 | 25.00 | 106.00 | 131.00 | OK | |
r-patched-linux-x86_64 | 0.1.3 | 10.90 | 80.78 | 91.68 | OK | |
r-patched-solaris-x86 | 0.1.3 | 164.30 | NOTE | |||
r-release-linux-x86_64 | 0.1.3 | 10.83 | 80.55 | 91.38 | OK | |
r-release-macos-x86_64 | 0.1.3 | NOTE | ||||
r-release-windows-ix86+x86_64 | 0.1.3 | 18.00 | 76.00 | 94.00 | OK | |
r-oldrel-macos-x86_64 | 0.1.3 | WARN | ||||
r-oldrel-windows-ix86+x86_64 | 0.1.3 | 17.00 | 96.00 | 113.00 | OK |
Version: 0.1.3
Check: dependencies in R code
Result: NOTE
Namespace in Imports field not imported from: ‘base’
All declared Imports should be used.
Flavors: r-devel-linux-x86_64-fedora-clang, r-devel-linux-x86_64-fedora-gcc, r-patched-solaris-x86, r-release-macos-x86_64, r-oldrel-macos-x86_64
Version: 0.1.3
Check: whether package can be installed
Result: WARN
Found the following significant warnings:
Warning: 'rgl.init' failed, running with 'rgl.useNULL = TRUE'.
Flavor: r-oldrel-macos-x86_64