CRAN Package Check Results for Package GWLelast

Last updated on 2020-12-01 00:46:43 CET.

Flavor Version Tinstall Tcheck Ttotal Status Flags
r-devel-linux-x86_64-debian-clang 1.2.2 9.44 65.17 74.61 OK
r-devel-linux-x86_64-debian-gcc 1.2.2 6.49 50.02 56.51 OK
r-devel-linux-x86_64-fedora-clang 1.2.2 91.94 NOTE
r-devel-linux-x86_64-fedora-gcc 1.2.2 84.11 NOTE
r-devel-windows-ix86+x86_64 1.2.2 16.00 84.00 100.00 OK
r-patched-linux-x86_64 1.2.2 9.48 62.08 71.56 OK
r-patched-solaris-x86 1.2.2 123.20 NOTE
r-release-linux-x86_64 1.2.2 8.46 62.89 71.35 OK
r-release-macos-x86_64 1.2.2 NOTE
r-release-windows-ix86+x86_64 1.2.2 13.00 66.00 79.00 OK
r-oldrel-macos-x86_64 1.2.2 NOTE
r-oldrel-windows-ix86+x86_64 1.2.2 13.00 78.00 91.00 OK

Check Details

Version: 1.2.2
Check: dependencies in R code
Result: NOTE
    Namespaces in Imports field not imported from:
     ‘doParallel’ ‘foreach’ ‘spgwr’
     All declared Imports should be used.
Flavors: r-devel-linux-x86_64-fedora-clang, r-devel-linux-x86_64-fedora-gcc, r-patched-solaris-x86, r-release-macos-x86_64, r-oldrel-macos-x86_64