CRAN Package Check Results for Package HHG

Last updated on 2020-12-01 00:46:43 CET.

Flavor Version Tinstall Tcheck Ttotal Status Flags
r-devel-linux-x86_64-debian-clang 2.3.2 45.09 48.86 93.95 NOTE
r-devel-linux-x86_64-debian-gcc 2.3.2 42.24 39.16 81.40 NOTE
r-devel-linux-x86_64-fedora-clang 2.3.2 122.12 OK
r-devel-linux-x86_64-fedora-gcc 2.3.2 103.10 OK
r-devel-windows-ix86+x86_64 2.3.2 71.00 97.00 168.00 NOTE
r-patched-linux-x86_64 2.3.2 62.21 47.96 110.17 NOTE
r-patched-solaris-x86 2.3.2 115.90 OK
r-release-linux-x86_64 2.3.2 63.76 47.97 111.73 NOTE
r-release-macos-x86_64 2.3.2 OK
r-release-windows-ix86+x86_64 2.3.2 84.00 76.00 160.00 NOTE
r-oldrel-macos-x86_64 2.3.2 OK
r-oldrel-windows-ix86+x86_64 2.3.2 65.00 92.00 157.00 OK

Additional issues

rchk

Check Details

Version: 2.3.2
Check: package vignettes
Result: NOTE
    Package vignette with placeholder title 'Vignette Title':
     'HHG.Rmd'
Flavors: r-devel-linux-x86_64-debian-clang, r-devel-linux-x86_64-debian-gcc, r-devel-windows-ix86+x86_64, r-patched-linux-x86_64, r-release-linux-x86_64, r-release-windows-ix86+x86_64