Last updated on 2020-12-01 00:46:43 CET.
Flavor | Version | Tinstall | Tcheck | Ttotal | Status | Flags |
---|---|---|---|---|---|---|
r-devel-linux-x86_64-debian-clang | 1.0.0 | 4.31 | 35.02 | 39.33 | NOTE | |
r-devel-linux-x86_64-debian-gcc | 1.0.0 | 3.02 | 28.14 | 31.16 | NOTE | |
r-devel-linux-x86_64-fedora-clang | 1.0.0 | 57.14 | NOTE | |||
r-devel-linux-x86_64-fedora-gcc | 1.0.0 | 44.52 | NOTE | |||
r-devel-windows-ix86+x86_64 | 1.0.0 | 9.00 | 71.00 | 80.00 | OK | |
r-patched-linux-x86_64 | 1.0.0 | 4.16 | 33.83 | 37.99 | NOTE | |
r-patched-solaris-x86 | 1.0.0 | 68.30 | NOTE | |||
r-release-linux-x86_64 | 1.0.0 | 4.16 | 35.44 | 39.60 | NOTE | |
r-release-macos-x86_64 | 1.0.0 | OK | ||||
r-release-windows-ix86+x86_64 | 1.0.0 | 11.00 | 56.00 | 67.00 | OK | |
r-oldrel-macos-x86_64 | 1.0.0 | OK | ||||
r-oldrel-windows-ix86+x86_64 | 1.0.0 | 7.00 | 66.00 | 73.00 | OK |
Version: 1.0.0
Check: for non-standard things in the check directory
Result: NOTE
Found the following files/directories:
'HMM2est.image'
Flavors: r-devel-linux-x86_64-debian-clang, r-devel-linux-x86_64-debian-gcc, r-devel-linux-x86_64-fedora-clang, r-devel-linux-x86_64-fedora-gcc, r-patched-linux-x86_64, r-patched-solaris-x86, r-release-linux-x86_64