Last updated on 2020-12-01 00:46:43 CET.
Flavor | Version | Tinstall | Tcheck | Ttotal | Status | Flags |
---|---|---|---|---|---|---|
r-devel-linux-x86_64-debian-clang | 1.2.1 | 11.50 | 120.36 | 131.86 | OK | |
r-devel-linux-x86_64-debian-gcc | 1.2.1 | 6.77 | 87.77 | 94.54 | OK | |
r-devel-linux-x86_64-fedora-clang | 1.2.1 | 163.91 | NOTE | |||
r-devel-linux-x86_64-fedora-gcc | 1.2.1 | 142.97 | NOTE | |||
r-devel-windows-ix86+x86_64 | 1.2.1 | 18.00 | 150.00 | 168.00 | OK | |
r-patched-linux-x86_64 | 1.2.1 | 7.86 | 113.97 | 121.83 | OK | |
r-patched-solaris-x86 | 1.2.1 | 145.00 | WARN | |||
r-release-linux-x86_64 | 1.2.1 | 9.05 | 113.80 | 122.85 | OK | |
r-release-macos-x86_64 | 1.2.1 | WARN | ||||
r-release-windows-ix86+x86_64 | 1.2.1 | 14.00 | 103.00 | 117.00 | OK | |
r-oldrel-macos-x86_64 | 1.2.1 | WARN | ||||
r-oldrel-windows-ix86+x86_64 | 1.2.1 | 17.00 | 153.00 | 170.00 | OK |
Version: 1.2.1
Check: installed package size
Result: NOTE
installed size is 5.1Mb
sub-directories of 1Mb or more:
HaDeX 4.1Mb
Flavors: r-devel-linux-x86_64-fedora-clang, r-patched-solaris-x86, r-release-macos-x86_64, r-oldrel-macos-x86_64
Version: 1.2.1
Check: dependencies in R code
Result: NOTE
Namespaces in Imports field not imported from:
‘DT’ ‘gsubfn’ ‘stringr’
All declared Imports should be used.
Flavors: r-devel-linux-x86_64-fedora-clang, r-devel-linux-x86_64-fedora-gcc, r-patched-solaris-x86, r-release-macos-x86_64, r-oldrel-macos-x86_64
Version: 1.2.1
Check: re-building of vignette outputs
Result: WARN
Error(s) in re-building vignettes:
...
--- re-building ‘overview.Rmd’ using rmarkdown
Warning in engine$weave(file, quiet = quiet, encoding = enc) :
Pandoc (>= 1.12.3) and/or pandoc-citeproc not available. Falling back to R Markdown v1.
Attaching package: 'dplyr'
The following objects are masked from 'package:stats':
filter, lag
The following objects are masked from 'package:base':
intersect, setdiff, setequal, union
Quitting from lines 40-43 (overview.Rmd)
Error: processing vignette 'overview.Rmd' failed with diagnostics:
there is no package called 'webshot'
--- failed re-building ‘overview.Rmd’
SUMMARY: processing the following file failed:
‘overview.Rmd’
Error: Vignette re-building failed.
Execution halted
Flavor: r-patched-solaris-x86
Version: 1.2.1
Check: re-building of vignette outputs
Result: WARN
Error(s) in re-building vignettes:
...
--- re-building ‘overview.Rmd’ using rmarkdown
Warning in engine$weave(file, quiet = quiet, encoding = enc) :
Pandoc (>= 1.12.3) and/or pandoc-citeproc not available. Falling back to R Markdown v1.
Attaching package: 'dplyr'
The following objects are masked from 'package:stats':
filter, lag
The following objects are masked from 'package:base':
intersect, setdiff, setequal, union
Quitting from lines 40-43 (overview.Rmd)
Error: processing vignette 'overview.Rmd' failed with diagnostics:
cannot open the connection
--- failed re-building ‘overview.Rmd’
SUMMARY: processing the following file failed:
‘overview.Rmd’
Error: Vignette re-building failed.
Execution halted
Flavors: r-release-macos-x86_64, r-oldrel-macos-x86_64