Last updated on 2020-12-01 00:46:43 CET.
Flavor | Version | Tinstall | Tcheck | Ttotal | Status | Flags |
---|---|---|---|---|---|---|
r-devel-linux-x86_64-debian-clang | 0.10.11 | 13.28 | 111.39 | 124.67 | OK | |
r-devel-linux-x86_64-debian-gcc | 0.10.11 | 7.10 | 84.17 | 91.27 | OK | |
r-devel-linux-x86_64-fedora-clang | 0.10.11 | 160.36 | NOTE | |||
r-devel-linux-x86_64-fedora-gcc | 0.10.11 | 138.62 | NOTE | |||
r-devel-windows-ix86+x86_64 | 0.10.11 | 19.00 | 141.00 | 160.00 | OK | |
r-patched-linux-x86_64 | 0.10.11 | 10.76 | 105.70 | 116.46 | OK | |
r-patched-solaris-x86 | 0.10.11 | 207.30 | NOTE | |||
r-release-linux-x86_64 | 0.10.11 | 11.59 | 108.42 | 120.01 | OK | |
r-release-macos-x86_64 | 0.10.11 | NOTE | ||||
r-release-windows-ix86+x86_64 | 0.10.11 | 14.00 | 106.00 | 120.00 | OK | |
r-oldrel-macos-x86_64 | 0.10.11 | NOTE | ||||
r-oldrel-windows-ix86+x86_64 | 0.10.11 | 14.00 | 140.00 | 154.00 | OK |
Version: 0.10.11
Check: dependencies in R code
Result: NOTE
Namespace in Imports field not imported from: ‘graph’
All declared Imports should be used.
Flavors: r-devel-linux-x86_64-fedora-clang, r-devel-linux-x86_64-fedora-gcc, r-patched-solaris-x86, r-release-macos-x86_64, r-oldrel-macos-x86_64