CRAN Package Check Results for Package IOHexperimenter

Last updated on 2020-12-01 00:46:44 CET.

Flavor Version Tinstall Tcheck Ttotal Status Flags
r-devel-linux-x86_64-debian-clang 0.1.4 70.56 31.50 102.06 OK
r-devel-linux-x86_64-debian-gcc 0.1.4 93.44 25.62 119.06 OK
r-devel-linux-x86_64-fedora-clang 0.1.4 143.39 NOTE
r-devel-linux-x86_64-fedora-gcc 0.1.4 117.91 OK
r-devel-windows-ix86+x86_64 0.1.4 132.00 79.00 211.00 OK
r-patched-linux-x86_64 0.1.4 139.22 29.81 169.03 OK
r-patched-solaris-x86 0.1.4 107.10 OK
r-release-linux-x86_64 0.1.4 138.46 30.82 169.28 OK
r-release-macos-x86_64 0.1.4 NOTE
r-release-windows-ix86+x86_64 0.1.4 151.00 64.00 215.00 OK
r-oldrel-macos-x86_64 0.1.4 NOTE
r-oldrel-windows-ix86+x86_64 0.1.4 119.00 80.00 199.00 OK

Check Details

Version: 0.1.4
Check: installed package size
Result: NOTE
     installed size is 6.9Mb
     sub-directories of 1Mb or more:
     libs 6.8Mb
Flavors: r-devel-linux-x86_64-fedora-clang, r-release-macos-x86_64, r-oldrel-macos-x86_64