CRAN Package Check Results for Package LDPD

Last updated on 2020-12-01 00:46:45 CET.

Flavor Version Tinstall Tcheck Ttotal Status Flags
r-devel-linux-x86_64-debian-clang 1.1.2 2.53 24.36 26.89 NOTE
r-devel-linux-x86_64-debian-gcc 1.1.2 2.06 19.44 21.50 NOTE
r-devel-linux-x86_64-fedora-clang 1.1.2 38.84 NOTE
r-devel-linux-x86_64-fedora-gcc 1.1.2 28.93 NOTE
r-devel-windows-ix86+x86_64 1.1.2 4.00 38.00 42.00 NOTE
r-patched-linux-x86_64 1.1.2 2.57 22.73 25.30 NOTE
r-patched-solaris-x86 1.1.2 43.70 NOTE
r-release-linux-x86_64 1.1.2 2.87 23.16 26.03 NOTE
r-release-macos-x86_64 1.1.2 NOTE
r-release-windows-ix86+x86_64 1.1.2 5.00 29.00 34.00 NOTE
r-oldrel-macos-x86_64 1.1.2 NOTE
r-oldrel-windows-ix86+x86_64 1.1.2 3.00 36.00 39.00 NOTE

Check Details

Version: 1.1.2
Check: R code for possible problems
Result: NOTE
    ARConfIntEst: no visible global function definition for 'sd'
    PTLinkFunc: no visible global function definition for 'pnorm'
    PTLinkFunc: no visible global function definition for 'qnorm'
    PTMultiPeriodPD: no visible global function definition for 'uniroot'
    PTOnePeriodPD : f: no visible global function definition for 'pbinom'
    PTOnePeriodPD: no visible global function definition for 'uniroot'
    QMMGetRLogitPD: no visible global function definition for 'ecdf'
    QMMPDlinkFunc: no visible global function definition for 'qnorm'
    QMMPlot: no visible global function definition for 'lines'
    QMMPlot: no visible global function definition for 'legend'
    VDBCalibratePD: no visible global function definition for 'ecdf'
    VDBGetK: no visible global function definition for 'uniroot'
    Undefined global functions or variables:
     ecdf legend lines pbinom pnorm qnorm sd uniroot
    Consider adding
     importFrom("graphics", "legend", "lines")
     importFrom("stats", "ecdf", "pbinom", "pnorm", "qnorm", "sd",
     "uniroot")
    to your NAMESPACE file.
Flavors: r-devel-linux-x86_64-debian-clang, r-devel-linux-x86_64-debian-gcc, r-devel-linux-x86_64-fedora-clang, r-devel-linux-x86_64-fedora-gcc, r-devel-windows-ix86+x86_64, r-patched-linux-x86_64, r-patched-solaris-x86, r-release-linux-x86_64, r-release-macos-x86_64, r-release-windows-ix86+x86_64

Version: 1.1.2
Check: Rd cross-references
Result: NOTE
    Undeclared package ‘Hmisc’ in Rd xrefs
Flavor: r-devel-linux-x86_64-fedora-clang

Version: 1.1.2
Check: R code for possible problems
Result: NOTE
    ARConfIntEst: no visible global function definition for ‘sd’
    PTLinkFunc: no visible global function definition for ‘pnorm’
    PTLinkFunc: no visible global function definition for ‘qnorm’
    PTMultiPeriodPD: no visible global function definition for ‘uniroot’
    PTOnePeriodPD : f: no visible global function definition for ‘pbinom’
    PTOnePeriodPD: no visible global function definition for ‘uniroot’
    QMMGetRLogitPD: no visible global function definition for ‘ecdf’
    QMMPDlinkFunc: no visible global function definition for ‘qnorm’
    QMMPlot: no visible global function definition for ‘plot’
    QMMPlot: no visible global function definition for ‘lines’
    QMMPlot: no visible global function definition for ‘legend’
    VDBCalibratePD: no visible global function definition for ‘ecdf’
    VDBGetK: no visible global function definition for ‘uniroot’
    Undefined global functions or variables:
     ecdf legend lines pbinom plot pnorm qnorm sd uniroot
    Consider adding
     importFrom("graphics", "legend", "lines", "plot")
     importFrom("stats", "ecdf", "pbinom", "pnorm", "qnorm", "sd",
     "uniroot")
    to your NAMESPACE file.
Flavors: r-oldrel-macos-x86_64, r-oldrel-windows-ix86+x86_64