CRAN Package Check Results for Package LoopAnalyst

Last updated on 2020-12-01 00:46:46 CET.

Flavor Version Tinstall Tcheck Ttotal Status Flags
r-devel-linux-x86_64-debian-clang 1.2-6 8.24 41.63 49.87 NOTE
r-devel-linux-x86_64-debian-gcc 1.2-6 5.41 31.41 36.82 NOTE
r-devel-linux-x86_64-fedora-clang 1.2-6 67.11 NOTE
r-devel-linux-x86_64-fedora-gcc 1.2-6 57.31 NOTE
r-devel-windows-ix86+x86_64 1.2-6 10.00 54.00 64.00 OK
r-patched-linux-x86_64 1.2-6 7.60 39.28 46.88 NOTE
r-patched-solaris-x86 1.2-6 76.80 NOTE
r-release-linux-x86_64 1.2-6 7.60 39.74 47.34 NOTE
r-release-macos-x86_64 1.2-6 OK
r-release-windows-ix86+x86_64 1.2-6 14.00 42.00 56.00 OK
r-oldrel-macos-x86_64 1.2-6 OK
r-oldrel-windows-ix86+x86_64 1.2-6 7.00 53.00 60.00 OK

Check Details

Version: 1.2-6
Check: for non-standard things in the check directory
Result: NOTE
    Found the following files/directories:
     'Model_1.cm' 'dambacher.dot' 'levins.dot'
Flavors: r-devel-linux-x86_64-debian-clang, r-devel-linux-x86_64-debian-gcc, r-devel-linux-x86_64-fedora-clang, r-devel-linux-x86_64-fedora-gcc, r-patched-linux-x86_64, r-patched-solaris-x86, r-release-linux-x86_64