CRAN Package Check Results for Package MEGENA

Last updated on 2020-12-01 00:46:47 CET.

Flavor Version Tinstall Tcheck Ttotal Status Flags
r-devel-linux-x86_64-debian-clang 1.3.7 55.20 181.41 236.61 NOTE
r-devel-linux-x86_64-debian-gcc 1.3.7 48.00 136.66 184.66 NOTE
r-devel-linux-x86_64-fedora-clang 1.3.7 278.43 NOTE
r-devel-linux-x86_64-fedora-gcc 1.3.7 270.14 NOTE
r-devel-windows-ix86+x86_64 1.3.7 95.00 312.00 407.00 OK
r-patched-linux-x86_64 1.3.7 50.74 171.97 222.71 NOTE
r-patched-solaris-x86 1.3.7 505.30 NOTE
r-release-linux-x86_64 1.3.7 57.23 174.90 232.13 NOTE
r-release-macos-x86_64 1.3.7 OK
r-release-windows-ix86+x86_64 1.3.7 63.00 242.00 305.00 OK
r-oldrel-macos-x86_64 1.3.7 OK
r-oldrel-windows-ix86+x86_64 1.3.7 77.00 302.00 379.00 OK

Check Details

Version: 1.3.7
Check: for non-standard things in the check directory
Result: NOTE
    Found the following files/directories:
     'Data_Correlation.txt' 'correlation_FDR_table.txt'
Flavors: r-devel-linux-x86_64-debian-clang, r-devel-linux-x86_64-debian-gcc, r-devel-linux-x86_64-fedora-clang, r-devel-linux-x86_64-fedora-gcc, r-patched-linux-x86_64, r-patched-solaris-x86, r-release-linux-x86_64