Last updated on 2020-12-01 00:46:47 CET.
Flavor | Version | Tinstall | Tcheck | Ttotal | Status | Flags |
---|---|---|---|---|---|---|
r-devel-linux-x86_64-debian-clang | 2.4 | 10.81 | 69.46 | 80.27 | OK | |
r-devel-linux-x86_64-debian-gcc | 2.4 | 7.66 | 54.28 | 61.94 | OK | |
r-devel-linux-x86_64-fedora-clang | 2.4 | 100.88 | NOTE | |||
r-devel-linux-x86_64-fedora-gcc | 2.4 | 92.28 | OK | |||
r-devel-windows-ix86+x86_64 | 2.4 | 18.00 | 86.00 | 104.00 | OK | |
r-patched-linux-x86_64 | 2.4 | 11.26 | 66.27 | 77.53 | OK | |
r-patched-solaris-x86 | 2.4 | 133.20 | OK | |||
r-release-linux-x86_64 | 2.4 | 11.42 | 66.91 | 78.33 | OK | |
r-release-macos-x86_64 | 2.4 | OK | ||||
r-release-windows-ix86+x86_64 | 2.4 | 17.00 | 68.00 | 85.00 | OK | |
r-oldrel-macos-x86_64 | 2.4 | OK | ||||
r-oldrel-windows-ix86+x86_64 | 2.4 | 13.00 | 80.00 | 93.00 | OK |
Version: 2.4
Check: Rd cross-references
Result: NOTE
Undeclared package ‘riskRegression’ in Rd xrefs
Flavor: r-devel-linux-x86_64-fedora-clang