CRAN Package Check Results for Package MKomics

Last updated on 2020-12-01 00:46:47 CET.

Flavor Version Tinstall Tcheck Ttotal Status Flags
r-devel-linux-x86_64-debian-clang 0.5 5.79 50.11 55.90 OK
r-devel-linux-x86_64-debian-gcc 0.5 4.16 38.40 42.56 OK
r-devel-linux-x86_64-fedora-clang 0.5 71.22 NOTE
r-devel-linux-x86_64-fedora-gcc 0.5 62.78 OK
r-devel-windows-ix86+x86_64 0.5 9.00 67.00 76.00 OK
r-patched-linux-x86_64 0.5 5.49 49.02 54.51 OK
r-patched-solaris-x86 0.5 85.00 OK
r-release-linux-x86_64 0.5 6.08 50.32 56.40 OK
r-release-macos-x86_64 0.5 OK
r-release-windows-ix86+x86_64 0.5 10.00 54.00 64.00 OK
r-oldrel-macos-x86_64 0.5 OK
r-oldrel-windows-ix86+x86_64 0.5 6.00 64.00 70.00 OK

Check Details

Version: 0.5
Check: Rd cross-references
Result: NOTE
    Undeclared packages ‘genefilter’, ‘MKmisc’ in Rd xrefs
Flavor: r-devel-linux-x86_64-fedora-clang