CRAN Package Check Results for Package MoMPCA

Last updated on 2020-12-01 00:46:48 CET.

Flavor Version Tinstall Tcheck Ttotal Status Flags
r-devel-linux-x86_64-debian-clang 1.0.0 8.52 56.49 65.01 OK
r-devel-linux-x86_64-debian-gcc 1.0.0 5.15 43.67 48.82 OK
r-devel-linux-x86_64-fedora-clang 1.0.0 83.13 NOTE
r-devel-linux-x86_64-fedora-gcc 1.0.0 81.85 NOTE
r-devel-windows-ix86+x86_64 1.0.0 14.00 293.00 307.00 OK
r-patched-linux-x86_64 1.0.0 7.06 57.82 64.88 OK
r-patched-solaris-x86 1.0.0 802.70 NOTE
r-release-linux-x86_64 1.0.0 6.95 58.39 65.34 OK
r-release-macos-x86_64 1.0.0 NOTE
r-release-windows-ix86+x86_64 1.0.0 12.00 228.00 240.00 OK
r-oldrel-macos-x86_64 1.0.0 NOTE
r-oldrel-windows-ix86+x86_64 1.0.0 10.00 295.00 305.00 OK

Check Details

Version: 1.0.0
Check: data for non-ASCII characters
Result: NOTE
     Note: found 16 marked UTF-8 strings
Flavors: r-devel-linux-x86_64-fedora-clang, r-devel-linux-x86_64-fedora-gcc, r-patched-solaris-x86, r-release-macos-x86_64, r-oldrel-macos-x86_64