Last updated on 2020-12-01 00:46:48 CET.
Flavor | Version | Tinstall | Tcheck | Ttotal | Status | Flags |
---|---|---|---|---|---|---|
r-devel-linux-x86_64-debian-clang | 0.1.3.3 | 3.54 | 26.33 | 29.87 | OK | |
r-devel-linux-x86_64-debian-gcc | 0.1.3.3 | 2.70 | 20.31 | 23.01 | OK | |
r-devel-linux-x86_64-fedora-clang | 0.1.3.3 | 41.23 | NOTE | |||
r-devel-linux-x86_64-fedora-gcc | 0.1.3.3 | 33.42 | NOTE | |||
r-devel-windows-ix86+x86_64 | 0.1.3.3 | 6.00 | 41.00 | 47.00 | OK | |
r-patched-linux-x86_64 | 0.1.3.3 | 3.42 | 25.21 | 28.63 | OK | |
r-patched-solaris-x86 | 0.1.3.3 | 48.60 | NOTE | |||
r-release-linux-x86_64 | 0.1.3.3 | 3.58 | 25.27 | 28.85 | OK | |
r-release-macos-x86_64 | 0.1.3.3 | NOTE | ||||
r-release-windows-ix86+x86_64 | 0.1.3.3 | 5.00 | 31.00 | 36.00 | OK | |
r-oldrel-macos-x86_64 | 0.1.3.3 | NOTE | ||||
r-oldrel-windows-ix86+x86_64 | 0.1.3.3 | 4.00 | 40.00 | 44.00 | OK |
Version: 0.1.3.3
Check: data for non-ASCII characters
Result: NOTE
Note: found 140 marked UTF-8 strings
Flavors: r-devel-linux-x86_64-fedora-clang, r-devel-linux-x86_64-fedora-gcc, r-patched-solaris-x86, r-release-macos-x86_64, r-oldrel-macos-x86_64