Last updated on 2020-12-01 00:46:48 CET.
Flavor | Version | Tinstall | Tcheck | Ttotal | Status | Flags |
---|---|---|---|---|---|---|
r-devel-linux-x86_64-debian-clang | 1.0.0 | 17.59 | 100.64 | 118.23 | OK | |
r-devel-linux-x86_64-debian-gcc | 1.0.0 | 12.31 | 77.34 | 89.65 | OK | |
r-devel-linux-x86_64-fedora-clang | 1.0.0 | 147.27 | NOTE | |||
r-devel-linux-x86_64-fedora-gcc | 1.0.0 | 135.18 | NOTE | |||
r-devel-windows-ix86+x86_64 | 1.0.0 | 29.00 | 124.00 | 153.00 | OK | |
r-patched-linux-x86_64 | 1.0.0 | 10.86 | 95.41 | 106.27 | OK | |
r-patched-solaris-x86 | 1.0.0 | 195.90 | NOTE | |||
r-release-linux-x86_64 | 1.0.0 | 13.10 | 94.05 | 107.15 | OK | |
r-release-macos-x86_64 | 1.0.0 | NOTE | ||||
r-release-windows-ix86+x86_64 | 1.0.0 | 22.00 | 101.00 | 123.00 | OK | |
r-oldrel-macos-x86_64 | 1.0.0 | NOTE | ||||
r-oldrel-windows-ix86+x86_64 | 1.0.0 | 34.00 | 117.00 | 151.00 | OK |
Version: 1.0.0
Check: dependencies in R code
Result: NOTE
Namespace in Imports field not imported from: ‘magrittr’
All declared Imports should be used.
Flavors: r-devel-linux-x86_64-fedora-clang, r-devel-linux-x86_64-fedora-gcc, r-patched-solaris-x86, r-release-macos-x86_64, r-oldrel-macos-x86_64