CRAN Package Check Results for Package NetworkChange

Last updated on 2020-12-01 00:46:49 CET.

Flavor Version Tinstall Tcheck Ttotal Status Flags
r-devel-linux-x86_64-debian-clang 0.7 30.49 163.22 193.71 OK --no-vignettes
r-devel-linux-x86_64-debian-gcc 0.7 19.50 121.19 140.69 OK --no-vignettes
r-devel-linux-x86_64-fedora-clang 0.7 1423.48 NOTE
r-devel-linux-x86_64-fedora-gcc 0.7 1312.89 NOTE
r-devel-windows-ix86+x86_64 0.7 50.00 1360.00 1410.00 OK
r-patched-linux-x86_64 0.7 17.65 146.79 164.44 OK --no-vignettes
r-patched-solaris-x86 0.7 1665.00 NOTE
r-release-linux-x86_64 0.7 20.02 149.50 169.52 OK --no-vignettes
r-release-macos-x86_64 0.7 NOTE
r-release-windows-ix86+x86_64 0.7 36.00 1022.00 1058.00 OK
r-oldrel-macos-x86_64 0.7 NOTE
r-oldrel-windows-ix86+x86_64 0.7 42.00 1319.00 1361.00 OK

Check Details

Version: 0.7
Check: dependencies in R code
Result: NOTE
    Namespace in Imports field not imported from: ‘sna’
     All declared Imports should be used.
Flavors: r-devel-linux-x86_64-fedora-clang, r-devel-linux-x86_64-fedora-gcc, r-patched-solaris-x86, r-release-macos-x86_64, r-oldrel-macos-x86_64

Version: 0.7
Check: installed package size
Result: NOTE
     installed size is 5.0Mb
     sub-directories of 1Mb or more:
     doc 4.5Mb
Flavor: r-patched-solaris-x86