CRAN Package Check Results for Package NlinTS

Last updated on 2020-12-01 00:46:49 CET.

Flavor Version Tinstall Tcheck Ttotal Status Flags
r-devel-linux-x86_64-debian-clang 1.4.4 188.83 49.00 237.83 OK
r-devel-linux-x86_64-debian-gcc 1.4.4 181.86 39.41 221.27 OK
r-devel-linux-x86_64-fedora-clang 1.4.4 285.77 NOTE
r-devel-linux-x86_64-fedora-gcc 1.4.4 246.17 OK
r-devel-windows-ix86+x86_64 1.4.4 314.00 103.00 417.00 OK
r-patched-linux-x86_64 1.4.4 284.07 46.49 330.56 OK
r-patched-solaris-x86 1.4.4 219.60 OK
r-release-linux-x86_64 1.4.4 284.05 47.35 331.40 OK
r-release-macos-x86_64 1.4.4 NOTE
r-release-windows-ix86+x86_64 1.4.4 318.00 80.00 398.00 OK
r-oldrel-macos-x86_64 1.4.4 NOTE
r-oldrel-windows-ix86+x86_64 1.4.4 244.00 94.00 338.00 OK

Check Details

Version: 1.4.4
Check: installed package size
Result: NOTE
     installed size is 9.4Mb
     sub-directories of 1Mb or more:
     libs 9.2Mb
Flavors: r-devel-linux-x86_64-fedora-clang, r-release-macos-x86_64, r-oldrel-macos-x86_64