Last updated on 2020-12-01 00:46:51 CET.
Flavor | Version | Tinstall | Tcheck | Ttotal | Status | Flags |
---|---|---|---|---|---|---|
r-devel-linux-x86_64-debian-clang | 0.1.4 | 22.41 | 128.82 | 151.23 | OK | |
r-devel-linux-x86_64-debian-gcc | 0.1.4 | 17.44 | 99.22 | 116.66 | OK | |
r-devel-linux-x86_64-fedora-clang | 0.1.4 | 182.98 | NOTE | |||
r-devel-linux-x86_64-fedora-gcc | 0.1.4 | 177.02 | OK | |||
r-devel-windows-ix86+x86_64 | 0.1.4 | 40.00 | 153.00 | 193.00 | OK | |
r-patched-linux-x86_64 | 0.1.4 | 15.60 | 119.44 | 135.04 | OK | |
r-patched-solaris-x86 | 0.1.4 | 242.80 | OK | |||
r-release-linux-x86_64 | 0.1.4 | 17.96 | 119.56 | 137.52 | OK | |
r-release-macos-x86_64 | 0.1.4 | OK | ||||
r-release-windows-ix86+x86_64 | 0.1.4 | 27.00 | 108.00 | 135.00 | OK | |
r-oldrel-macos-x86_64 | 0.1.4 | OK | ||||
r-oldrel-windows-ix86+x86_64 | 0.1.4 | 42.00 | 141.00 | 183.00 | OK |
Version: 0.1.4
Check: package dependencies
Result: NOTE
Imports includes 22 non-default packages.
Importing from so many packages makes the package vulnerable to any of
them becoming unavailable. Move as many as possible to Suggests and
use conditionally.
Flavor: r-devel-linux-x86_64-fedora-clang