CRAN Package Check Results for Package PandemicLP

Last updated on 2020-12-01 00:46:50 CET.

Flavor Version Tinstall Tcheck Ttotal Status Flags
r-devel-linux-x86_64-fedora-clang 0.2.0 666.75 NOTE
r-devel-linux-x86_64-fedora-gcc 0.2.0 710.51 NOTE
r-patched-solaris-x86 0.2.0 576.70 WARN

Check Details

Version: 0.2.0
Check: installed package size
Result: NOTE
     installed size is 66.1Mb
     sub-directories of 1Mb or more:
     doc 7.1Mb
     libs 58.6Mb
Flavors: r-devel-linux-x86_64-fedora-clang, r-patched-solaris-x86

Version: 0.2.0
Check: for GNU extensions in Makefiles
Result: NOTE
    GNU make is a SystemRequirements.
Flavors: r-devel-linux-x86_64-fedora-clang, r-devel-linux-x86_64-fedora-gcc, r-patched-solaris-x86

Version: 0.2.0
Check: re-building of vignette outputs
Result: WARN
    Error(s) in re-building vignettes:
     ...
    --- re-building ‘PandemicLP.Rmd’ using rmarkdown
    Warning in engine$weave(file, quiet = quiet, encoding = enc) :
     Pandoc (>= 1.12.3) and/or pandoc-citeproc not available. Falling back to R Markdown v1.
    Quitting from lines 28-30 (PandemicLP.Rmd)
    Error: processing vignette 'PandemicLP.Rmd' failed with diagnostics:
    cannot open the connection
    --- failed re-building ‘PandemicLP.Rmd’
    
    --- re-building ‘PandemicLP_SumRegions.Rmd’ using rmarkdown
    Warning in engine$weave(file, quiet = quiet, encoding = enc) :
     Pandoc (>= 1.12.3) and/or pandoc-citeproc not available. Falling back to R Markdown v1.
    trying URL 'http://github.com/CovidLP/PandemicLP/raw/master/temp/PandemicLP_SumRegions.rda'
    Content type 'application/octet-stream' length 13851069 bytes (13.2 MB)
    ==================================================
    downloaded 13.2 MB
    
    trying URL 'http://github.com/CovidLP/PandemicLP/raw/master/temp/PandemicLP_SumRegions.rda'
    Content type 'application/octet-stream' length 13851069 bytes (13.2 MB)
    ==================================================
    downloaded 13.2 MB
    
    Quitting from lines 134-137 (PandemicLP_SumRegions.Rmd)
    Error: processing vignette 'PandemicLP_SumRegions.Rmd' failed with diagnostics:
    cannot open the connection
    --- failed re-building ‘PandemicLP_SumRegions.Rmd’
    
    SUMMARY: processing the following files failed:
     ‘PandemicLP.Rmd’ ‘PandemicLP_SumRegions.Rmd’
    
    Error: Vignette re-building failed.
    Execution halted
Flavor: r-patched-solaris-x86