Last updated on 2020-12-01 00:46:50 CET.
Flavor | Version | Tinstall | Tcheck | Ttotal | Status | Flags |
---|---|---|---|---|---|---|
r-devel-linux-x86_64-debian-clang | 0.1.6 | 5.58 | 54.10 | 59.68 | OK | |
r-devel-linux-x86_64-debian-gcc | 0.1.6 | 3.10 | 43.93 | 47.03 | OK | |
r-devel-linux-x86_64-fedora-clang | 0.1.6 | 77.70 | NOTE | |||
r-devel-linux-x86_64-fedora-gcc | 0.1.6 | 71.08 | NOTE | |||
r-devel-windows-ix86+x86_64 | 0.1.6 | 8.00 | 91.00 | 99.00 | OK | |
r-patched-linux-x86_64 | 0.1.6 | 4.29 | 56.84 | 61.13 | OK | |
r-patched-solaris-x86 | 0.1.6 | 104.20 | NOTE | |||
r-release-linux-x86_64 | 0.1.6 | 3.56 | 56.00 | 59.56 | OK | |
r-release-macos-x86_64 | 0.1.6 | NOTE | ||||
r-release-windows-ix86+x86_64 | 0.1.6 | 6.00 | 71.00 | 77.00 | OK | |
r-oldrel-macos-x86_64 | 0.1.6 | NOTE | ||||
r-oldrel-windows-ix86+x86_64 | 0.1.6 | 7.00 | 91.00 | 98.00 | OK |
Version: 0.1.6
Check: dependencies in R code
Result: NOTE
Namespace in Imports field not imported from: ‘purrr’
All declared Imports should be used.
Flavors: r-devel-linux-x86_64-fedora-clang, r-devel-linux-x86_64-fedora-gcc, r-patched-solaris-x86, r-release-macos-x86_64, r-oldrel-macos-x86_64