CRAN Package Check Results for Package RInno

Last updated on 2020-12-01 00:46:53 CET.

Flavor Version Tinstall Tcheck Ttotal Status Flags
r-devel-windows-ix86+x86_64 1.0.1 10.00 143.00 153.00 OK
r-release-windows-ix86+x86_64 1.0.1 9.00 117.00 126.00 OK
r-oldrel-macos-x86_64 1.0.1 NOTE
r-oldrel-windows-ix86+x86_64 1.0.1 8.00 92.00 100.00 OK

Check Details

Version: 1.0.1
Check: dependencies in R code
Result: NOTE
    Namespaces in Imports field not imported from:
     ‘httr’ ‘remotes’ ‘rmarkdown’ ‘shiny’
     All declared Imports should be used.
Flavor: r-oldrel-macos-x86_64

Version: 1.0.1
Check: Rd cross-references
Result: NOTE
    Package unavailable to check Rd xrefs: ‘installr’
Flavor: r-oldrel-macos-x86_64