CRAN Package Check Results for Package RNeXML

Last updated on 2020-12-01 00:46:53 CET.

Flavor Version Tinstall Tcheck Ttotal Status Flags
r-devel-linux-x86_64-debian-clang 2.4.5 24.37 166.52 190.89 NOTE
r-devel-linux-x86_64-debian-gcc 2.4.5 14.86 125.66 140.52 NOTE
r-devel-linux-x86_64-fedora-clang 2.4.5 224.14 NOTE
r-devel-linux-x86_64-fedora-gcc 2.4.5 229.64 NOTE
r-devel-windows-ix86+x86_64 2.4.5 38.00 205.00 243.00 OK
r-patched-linux-x86_64 2.4.5 20.53 158.28 178.81 NOTE
r-patched-solaris-x86 2.4.5 271.60 NOTE
r-release-linux-x86_64 2.4.5 17.13 158.96 176.09 NOTE
r-release-macos-x86_64 2.4.5 OK
r-release-windows-ix86+x86_64 2.4.5 28.00 151.00 179.00 OK
r-oldrel-macos-x86_64 2.4.5 OK
r-oldrel-windows-ix86+x86_64 2.4.5 24.00 197.00 221.00 OK

Check Details

Version: 2.4.5
Check: package dependencies
Result: NOTE
    Package suggested but not available for checking: 'knitcitations'
Flavors: r-devel-linux-x86_64-debian-clang, r-devel-linux-x86_64-debian-gcc, r-devel-linux-x86_64-fedora-clang, r-devel-linux-x86_64-fedora-gcc, r-patched-linux-x86_64, r-patched-solaris-x86, r-release-linux-x86_64