Last updated on 2020-12-01 00:46:53 CET.
Flavor | Version | Tinstall | Tcheck | Ttotal | Status | Flags |
---|---|---|---|---|---|---|
r-devel-linux-x86_64-debian-clang | 2.7.0 | 708.33 | 53.65 | 761.98 | OK | |
r-devel-linux-x86_64-debian-gcc | 2.7.0 | 698.34 | 45.99 | 744.33 | OK | |
r-devel-linux-x86_64-fedora-clang | 2.7.0 | 865.70 | NOTE | |||
r-devel-linux-x86_64-fedora-gcc | 2.7.0 | 794.78 | OK | |||
r-devel-windows-ix86+x86_64 | 2.7.0 | 1202.00 | 124.00 | 1326.00 | NOTE | |
r-patched-linux-x86_64 | 2.7.0 | 1060.20 | 57.70 | 1117.90 | OK | |
r-patched-solaris-x86 | 2.7.0 | 597.00 | OK | |||
r-release-linux-x86_64 | 2.7.0 | 980.53 | 57.05 | 1037.58 | OK | |
r-release-macos-x86_64 | 2.7.0 | NOTE | ||||
r-release-windows-ix86+x86_64 | 2.7.0 | 1208.00 | 97.00 | 1305.00 | NOTE | |
r-oldrel-macos-x86_64 | 2.7.0 | NOTE | ||||
r-oldrel-windows-ix86+x86_64 | 2.7.0 | 918.00 | 111.00 | 1029.00 | NOTE |
Version: 2.7.0
Check: installed package size
Result: NOTE
installed size is 91.9Mb
sub-directories of 1Mb or more:
extdata 2.0Mb
libs 89.7Mb
Flavors: r-devel-linux-x86_64-fedora-clang, r-devel-windows-ix86+x86_64, r-release-macos-x86_64, r-release-windows-ix86+x86_64, r-oldrel-macos-x86_64, r-oldrel-windows-ix86+x86_64