CRAN Package Check Results for Package RSelenium

Last updated on 2020-12-01 00:46:53 CET.

Flavor Version Tinstall Tcheck Ttotal Status Flags
r-devel-linux-x86_64-debian-clang 1.7.7 7.02 56.69 63.71 NOTE
r-devel-linux-x86_64-debian-gcc 1.7.7 5.68 45.48 51.16 NOTE
r-devel-linux-x86_64-fedora-clang 1.7.7 81.35 NOTE
r-devel-linux-x86_64-fedora-gcc 1.7.7 74.44 NOTE
r-devel-windows-ix86+x86_64 1.7.7 15.00 82.00 97.00 NOTE
r-patched-linux-x86_64 1.7.7 7.83 53.93 61.76 NOTE
r-patched-solaris-x86 1.7.7 96.80 NOTE
r-release-linux-x86_64 1.7.7 6.74 54.59 61.33 NOTE
r-release-macos-x86_64 1.7.7 NOTE
r-release-windows-ix86+x86_64 1.7.7 12.00 68.00 80.00 NOTE
r-oldrel-macos-x86_64 1.7.7 NOTE
r-oldrel-windows-ix86+x86_64 1.7.7 8.00 77.00 85.00 NOTE

Check Details

Version: 1.7.7
Check: package dependencies
Result: NOTE
    Package suggested but not available for checking: 'Rcompression'
Flavors: r-devel-linux-x86_64-debian-clang, r-devel-linux-x86_64-debian-gcc, r-devel-linux-x86_64-fedora-clang, r-devel-linux-x86_64-fedora-gcc, r-devel-windows-ix86+x86_64, r-patched-linux-x86_64, r-patched-solaris-x86, r-release-linux-x86_64, r-release-macos-x86_64, r-release-windows-ix86+x86_64, r-oldrel-macos-x86_64, r-oldrel-windows-ix86+x86_64

Version: 1.7.7
Check: dependencies in R code
Result: NOTE
    Namespaces in Imports field not imported from:
     ‘binman’ ‘httr’
     All declared Imports should be used.
Flavors: r-devel-linux-x86_64-fedora-clang, r-devel-linux-x86_64-fedora-gcc, r-patched-solaris-x86, r-release-macos-x86_64, r-oldrel-macos-x86_64

Version: 1.7.7
Check: installed package size
Result: NOTE
     installed size is 5.1Mb
     sub-directories of 1Mb or more:
     doc 4.6Mb
Flavor: r-patched-solaris-x86