CRAN Package Check Results for Package Rarefy

Last updated on 2020-12-01 00:46:52 CET.

Flavor Version Tinstall Tcheck Ttotal Status Flags
r-devel-linux-x86_64-debian-clang 1.0 32.70 225.79 258.49 OK
r-devel-linux-x86_64-debian-gcc 1.0 25.09 166.69 191.78 OK
r-devel-linux-x86_64-fedora-clang 1.0 318.77 OK
r-devel-linux-x86_64-fedora-gcc 1.0 310.60 OK
r-devel-windows-ix86+x86_64 1.0 60.00 242.00 302.00 OK
r-patched-linux-x86_64 1.0 18.88 201.98 220.86 OK
r-patched-solaris-x86 1.0 444.90 OK
r-release-linux-x86_64 1.0 28.32 203.29 231.61 OK
r-release-macos-x86_64 1.0 OK
r-release-windows-ix86+x86_64 1.0 41.00 183.00 224.00 OK
r-oldrel-macos-x86_64 1.0 WARN
r-oldrel-windows-ix86+x86_64 1.0 56.00 225.00 281.00 OK

Check Details

Version: 1.0
Check: whether package can be installed
Result: WARN
    Found the following significant warnings:
     Warning: 'rgl.init' failed, running with 'rgl.useNULL = TRUE'.
Flavor: r-oldrel-macos-x86_64