CRAN Package Check Results for Package RcmdrPlugin.IPSUR

Last updated on 2020-12-01 00:46:52 CET.

Flavor Version Tinstall Tcheck Ttotal Status Flags
r-devel-linux-x86_64-debian-clang 0.2-1.1 35.39 159.57 194.96 NOTE
r-devel-linux-x86_64-debian-gcc 0.2-1.1 23.96 121.23 145.19 NOTE
r-devel-linux-x86_64-fedora-clang 0.2-1.1 241.90 NOTE
r-devel-linux-x86_64-fedora-gcc 0.2-1.1 244.40 NOTE
r-devel-windows-ix86+x86_64 0.2-1.1 48.00 167.00 215.00 NOTE
r-patched-linux-x86_64 0.2-1.1 20.74 146.99 167.73 NOTE
r-patched-solaris-x86 0.2-1.1 370.00 NOTE
r-release-linux-x86_64 0.2-1.1 30.13 146.78 176.91 NOTE
r-release-macos-x86_64 0.2-1.1 NOTE
r-release-windows-ix86+x86_64 0.2-1.1 34.00 126.00 160.00 NOTE
r-oldrel-macos-x86_64 0.2-1.1 NOTE
r-oldrel-windows-ix86+x86_64 0.2-1.1 44.00 151.00 195.00 NOTE

Check Details

Version: 0.2-1.1
Check: dependencies in R code
Result: NOTE
    'library' or 'require' calls in package code:
     'abind' 'e1071' 'qcc'
     Please use :: or requireNamespace() instead.
     See section 'Suggested packages' in the 'Writing R Extensions' manual.
Flavors: r-devel-linux-x86_64-debian-clang, r-devel-linux-x86_64-debian-gcc, r-devel-linux-x86_64-fedora-clang, r-devel-linux-x86_64-fedora-gcc, r-devel-windows-ix86+x86_64, r-patched-linux-x86_64, r-patched-solaris-x86, r-release-linux-x86_64, r-release-macos-x86_64, r-release-windows-ix86+x86_64, r-oldrel-macos-x86_64, r-oldrel-windows-ix86+x86_64