Last updated on 2020-12-01 00:46:52 CET.
Flavor | Version | Tinstall | Tcheck | Ttotal | Status | Flags |
---|---|---|---|---|---|---|
r-devel-linux-x86_64-debian-clang | 0.1 | 31.36 | 99.25 | 130.61 | NOTE | |
r-devel-linux-x86_64-debian-gcc | 0.1 | 28.11 | 86.50 | 114.61 | NOTE | |
r-devel-linux-x86_64-fedora-clang | 0.1 | 161.11 | NOTE | |||
r-devel-linux-x86_64-fedora-gcc | 0.1 | 146.16 | NOTE | |||
r-devel-windows-ix86+x86_64 | 0.1 | 55.00 | 186.00 | 241.00 | OK | |
r-patched-linux-x86_64 | 0.1 | 41.17 | 108.99 | 150.16 | NOTE | |
r-patched-solaris-x86 | 0.1 | 206.50 | NOTE | |||
r-release-linux-x86_64 | 0.1 | 40.10 | 109.37 | 149.47 | NOTE | |
r-release-macos-x86_64 | 0.1 | OK | ||||
r-release-windows-ix86+x86_64 | 0.1 | 58.00 | 148.00 | 206.00 | OK | |
r-oldrel-macos-x86_64 | 0.1 | OK | ||||
r-oldrel-windows-ix86+x86_64 | 0.1 | 43.00 | 175.00 | 218.00 | OK |
Version: 0.1
Check: for non-standard things in the check directory
Result: NOTE
Found the following files/directories:
'example.pdf'
Flavors: r-devel-linux-x86_64-debian-clang, r-devel-linux-x86_64-debian-gcc, r-devel-linux-x86_64-fedora-clang, r-devel-linux-x86_64-fedora-gcc, r-patched-linux-x86_64, r-patched-solaris-x86, r-release-linux-x86_64
Version: 0.1
Check: compiled code
Result: NOTE
File ‘Rdtq/libs/Rdtq.so’:
Found no calls to: ‘R_registerRoutines’, ‘R_useDynamicSymbols’
It is good practice to register native routines and to disable symbol
search.
See ‘Writing portable packages’ in the ‘Writing R Extensions’ manual.
Flavors: r-devel-linux-x86_64-fedora-clang, r-devel-linux-x86_64-fedora-gcc