CRAN Package Check Results for Package Replication

Last updated on 2020-12-01 00:46:52 CET.

Flavor Version Tinstall Tcheck Ttotal Status Flags
r-devel-linux-x86_64-debian-clang 0.1.2 25.80 160.62 186.42 OK
r-devel-linux-x86_64-debian-gcc 0.1.2 18.34 123.32 141.66 OK
r-devel-linux-x86_64-fedora-clang 0.1.2 220.10 OK
r-devel-linux-x86_64-fedora-gcc 0.1.2 227.19 OK
r-devel-windows-ix86+x86_64 0.1.2 45.00 198.00 243.00 OK
r-patched-linux-x86_64 0.1.2 13.03 148.75 161.78 OK
r-patched-solaris-x86 0.1.2 332.50 OK
r-release-linux-x86_64 0.1.2 1.01 4.59 5.60 ERROR
r-release-macos-x86_64 0.1.2 OK
r-release-windows-ix86+x86_64 0.1.2 30.00 154.00 184.00 OK
r-oldrel-macos-x86_64 0.1.2 OK
r-oldrel-windows-ix86+x86_64 0.1.2 41.00 188.00 229.00 OK

Check Details

Version: 0.1.2
Check: package dependencies
Result: ERROR
    Package required but not available: ‘blavaan’
    
    See section ‘The DESCRIPTION file’ in the ‘Writing R Extensions’
    manual.
Flavor: r-release-linux-x86_64