CRAN Package Check Results for Package Rhpc

Last updated on 2020-12-01 00:46:53 CET.

Flavor Version Tinstall Tcheck Ttotal Status Flags
r-devel-linux-x86_64-debian-clang 0.19-276 8.89 24.08 32.97 OK
r-devel-linux-x86_64-debian-gcc 0.19-276 7.48 19.25 26.73 OK
r-devel-windows-ix86+x86_64 0.19-276 26.00 43.00 69.00 WARN
r-patched-linux-x86_64 0.19-276 10.25 22.73 32.98 OK
r-release-linux-x86_64 0.19-276 10.44 24.04 34.48 OK
r-release-macos-x86_64 0.19-276 ERROR
r-release-windows-ix86+x86_64 0.19-276 21.00 41.00 62.00 WARN
r-oldrel-macos-x86_64 0.19-276 ERROR
r-oldrel-windows-ix86+x86_64 0.19-276 25.00 35.00 60.00 OK

Check Details

Version: 0.19-276
Check: whether package can be installed
Result: WARN
    Found the following significant warnings:
     fakemaster.c:82:57: warning: embedded '\0' in format [-Wformat-contains-nul]
Flavors: r-devel-windows-ix86+x86_64, r-release-windows-ix86+x86_64

Version: 0.19-276
Check: whether package can be installed
Result: ERROR
    Installation failed.
Flavors: r-release-macos-x86_64, r-oldrel-macos-x86_64