CRAN Package Check Results for Package Rlgt

Last updated on 2020-12-01 00:46:53 CET.

Flavor Version Tinstall Tcheck Ttotal Status Flags
r-devel-linux-x86_64-debian-clang 0.1-3 488.23 126.84 615.07 NOTE
r-devel-linux-x86_64-debian-gcc 0.1-3 633.41 107.84 741.25 NOTE
r-devel-linux-x86_64-fedora-clang 0.1-3 700.37 NOTE
r-devel-linux-x86_64-fedora-gcc 0.1-3 769.55 NOTE
r-devel-windows-ix86+x86_64 0.1-3 846.00 275.00 1121.00 NOTE
r-patched-linux-x86_64 0.1-3 543.99 134.84 678.83 NOTE
r-patched-solaris-x86 0.1-3 695.80 NOTE
r-release-linux-x86_64 0.1-3 1.15 4.40 5.55 ERROR
r-release-macos-x86_64 0.1-3 NOTE
r-release-windows-ix86+x86_64 0.1-3 590.00 211.00 801.00 NOTE
r-oldrel-macos-x86_64 0.1-3 NOTE
r-oldrel-windows-ix86+x86_64 0.1-3 692.00 237.00 929.00 NOTE

Check Details

Version: 0.1-3
Check: for GNU extensions in Makefiles
Result: NOTE
    GNU make is a SystemRequirements.
Flavors: r-devel-linux-x86_64-debian-clang, r-devel-linux-x86_64-debian-gcc, r-devel-linux-x86_64-fedora-clang, r-devel-linux-x86_64-fedora-gcc, r-devel-windows-ix86+x86_64, r-patched-linux-x86_64, r-patched-solaris-x86, r-release-macos-x86_64, r-release-windows-ix86+x86_64, r-oldrel-macos-x86_64, r-oldrel-windows-ix86+x86_64

Version: 0.1-3
Check: installed package size
Result: NOTE
     installed size is 67.6Mb
     sub-directories of 1Mb or more:
     libs 66.9Mb
Flavors: r-devel-linux-x86_64-fedora-clang, r-devel-windows-ix86+x86_64, r-release-macos-x86_64, r-release-windows-ix86+x86_64, r-oldrel-macos-x86_64, r-oldrel-windows-ix86+x86_64

Version: 0.1-3
Check: whether package can be installed
Result: ERROR
    Installation failed.
Flavor: r-release-linux-x86_64