CRAN Package Check Results for Package RobMixReg

Last updated on 2020-12-01 00:46:53 CET.

Flavor Version Tinstall Tcheck Ttotal Status Flags
r-devel-linux-x86_64-debian-clang 1.1.0 15.43 85.78 101.21 OK
r-devel-linux-x86_64-debian-gcc 1.1.0 9.68 65.20 74.88 OK
r-devel-linux-x86_64-fedora-clang 1.1.0 129.39 NOTE
r-devel-linux-x86_64-fedora-gcc 1.1.0 118.40 NOTE
r-devel-windows-ix86+x86_64 1.1.0 22.00 103.00 125.00 OK
r-patched-linux-x86_64 1.1.0 11.95 81.75 93.70 OK
r-patched-solaris-x86 1.1.0 159.40 NOTE
r-release-linux-x86_64 1.1.0 11.75 80.61 92.36 OK
r-release-macos-x86_64 1.1.0 NOTE
r-release-windows-ix86+x86_64 1.1.0 16.00 78.00 94.00 OK
r-oldrel-macos-x86_64 1.1.0 NOTE
r-oldrel-windows-ix86+x86_64 1.1.0 17.00 99.00 116.00 OK

Check Details

Version: 1.1.0
Check: dependencies in R code
Result: NOTE
    Namespace in Imports field not imported from: ‘glmnet’
     All declared Imports should be used.
Flavors: r-devel-linux-x86_64-fedora-clang, r-devel-linux-x86_64-fedora-gcc, r-patched-solaris-x86, r-release-macos-x86_64, r-oldrel-macos-x86_64