CRAN Package Check Results for Package SDMPlay

Last updated on 2020-12-01 00:46:54 CET.

Flavor Version Tinstall Tcheck Ttotal Status Flags
r-devel-linux-x86_64-debian-clang 1.3 5.48 91.54 97.02 OK
r-devel-linux-x86_64-debian-gcc 1.3 4.23 73.31 77.54 OK
r-devel-linux-x86_64-fedora-clang 1.3 128.81 NOTE
r-devel-linux-x86_64-fedora-gcc 1.3 115.69 NOTE
r-devel-windows-ix86+x86_64 1.3 8.00 128.00 136.00 OK
r-patched-linux-x86_64 1.3 5.13 95.16 100.29 OK
r-patched-solaris-x86 1.3 178.10 NOTE
r-release-linux-x86_64 1.3 5.29 91.76 97.05 OK
r-release-macos-x86_64 1.3 NOTE
r-release-windows-ix86+x86_64 1.3 9.00 96.00 105.00 OK
r-oldrel-macos-x86_64 1.3 NOTE
r-oldrel-windows-ix86+x86_64 1.3 7.00 120.00 127.00 OK

Check Details

Version: 1.3
Check: dependencies in R code
Result: NOTE
    Namespace in Imports field not imported from: ‘gbm’
     All declared Imports should be used.
Flavors: r-devel-linux-x86_64-fedora-clang, r-devel-linux-x86_64-fedora-gcc, r-patched-solaris-x86, r-release-macos-x86_64, r-oldrel-macos-x86_64

Version: 1.3
Check: Rd cross-references
Result: NOTE
    Undeclared package ‘rJava’ in Rd xrefs
Flavor: r-devel-linux-x86_64-fedora-clang

Version: 1.3
Check: installed package size
Result: NOTE
     installed size is 5.1Mb
     sub-directories of 1Mb or more:
     data 1.5Mb
     vignette_data 2.1Mb
Flavor: r-patched-solaris-x86