CRAN Package Check Results for Package SIN

Last updated on 2020-12-01 00:46:55 CET.

Flavor Version Tinstall Tcheck Ttotal Status Flags
r-devel-linux-x86_64-debian-clang 0.6 3.38 32.94 36.32 NOTE
r-devel-linux-x86_64-debian-gcc 0.6 2.57 27.33 29.90 NOTE
r-devel-linux-x86_64-fedora-clang 0.6 50.21 NOTE
r-devel-linux-x86_64-fedora-gcc 0.6 40.35 NOTE
r-devel-windows-ix86+x86_64 0.6 6.00 48.00 54.00 NOTE
r-patched-linux-x86_64 0.6 3.63 32.28 35.91 NOTE
r-patched-solaris-x86 0.6 62.10 NOTE
r-release-linux-x86_64 0.6 3.71 31.60 35.31 NOTE
r-release-macos-x86_64 0.6 NOTE
r-release-windows-ix86+x86_64 0.6 6.00 50.00 56.00 NOTE
r-oldrel-macos-x86_64 0.6 NOTE
r-oldrel-windows-ix86+x86_64 0.6 5.00 57.00 62.00 NOTE

Check Details

Version: 0.6
Check: R code for possible problems
Result: NOTE
    plotBGpvalues: no visible global function definition for 'par'
    plotBGpvalues: no visible global function definition for 'title'
    plotBGpvalues: no visible global function definition for 'axis'
    plotBGpvalues: no visible binding for global variable 'abline'
    plotBGpvalues: no visible global function definition for 'box'
    plotCGpvalues: no visible global function definition for 'par'
    plotCGpvalues: no visible global function definition for 'title'
    plotCGpvalues: no visible global function definition for 'axis'
    plotCGpvalues: no visible binding for global variable 'abline'
    plotCGpvalues: no visible global function definition for 'box'
    plotDAGpvalues: no visible global function definition for 'par'
    plotDAGpvalues: no visible global function definition for 'title'
    plotDAGpvalues: no visible global function definition for 'axis'
    plotDAGpvalues: no visible binding for global variable 'abline'
    plotDAGpvalues: no visible global function definition for 'box'
    plotUGpvalues: no visible global function definition for 'par'
    plotUGpvalues: no visible global function definition for 'title'
    plotUGpvalues: no visible global function definition for 'axis'
    plotUGpvalues: no visible binding for global variable 'abline'
    plotUGpvalues: no visible global function definition for 'box'
    simpvalueVec: no visible binding for global variable 'pnorm'
    sinBG: no visible global function definition for 'cov2cor'
    sinCG : sinAMP: no visible global function definition for 'cov2cor'
    sinCG : sinLWF: no visible global function definition for 'cov2cor'
    sinDAG: no visible global function definition for 'cov2cor'
    sinUG: no visible global function definition for 'cov2cor'
    Undefined global functions or variables:
     abline axis box cov2cor par pnorm title
    Consider adding
     importFrom("graphics", "abline", "axis", "box", "par", "title")
     importFrom("stats", "cov2cor", "pnorm")
    to your NAMESPACE file.
Flavors: r-devel-linux-x86_64-debian-clang, r-devel-linux-x86_64-debian-gcc, r-devel-linux-x86_64-fedora-clang, r-devel-linux-x86_64-fedora-gcc, r-devel-windows-ix86+x86_64, r-patched-linux-x86_64, r-patched-solaris-x86, r-release-linux-x86_64, r-release-macos-x86_64, r-release-windows-ix86+x86_64

Version: 0.6
Check: R code for possible problems
Result: NOTE
    plotBGpvalues: no visible global function definition for ‘par’
    plotBGpvalues: no visible global function definition for ‘plot’
    plotBGpvalues: no visible global function definition for ‘title’
    plotBGpvalues: no visible global function definition for ‘axis’
    plotBGpvalues: no visible binding for global variable ‘abline’
    plotBGpvalues: no visible global function definition for ‘box’
    plotCGpvalues: no visible global function definition for ‘par’
    plotCGpvalues: no visible global function definition for ‘plot’
    plotCGpvalues: no visible global function definition for ‘title’
    plotCGpvalues: no visible global function definition for ‘axis’
    plotCGpvalues: no visible binding for global variable ‘abline’
    plotCGpvalues: no visible global function definition for ‘box’
    plotDAGpvalues: no visible global function definition for ‘par’
    plotDAGpvalues: no visible global function definition for ‘plot’
    plotDAGpvalues: no visible global function definition for ‘title’
    plotDAGpvalues: no visible global function definition for ‘axis’
    plotDAGpvalues: no visible binding for global variable ‘abline’
    plotDAGpvalues: no visible global function definition for ‘box’
    plotUGpvalues: no visible global function definition for ‘par’
    plotUGpvalues: no visible global function definition for ‘plot’
    plotUGpvalues: no visible global function definition for ‘title’
    plotUGpvalues: no visible global function definition for ‘axis’
    plotUGpvalues: no visible binding for global variable ‘abline’
    plotUGpvalues: no visible global function definition for ‘box’
    simpvalueVec: no visible binding for global variable ‘pnorm’
    sinBG: no visible global function definition for ‘cov2cor’
    sinCG : sinAMP: no visible global function definition for ‘cov2cor’
    sinCG : sinLWF: no visible global function definition for ‘cov2cor’
    sinDAG: no visible global function definition for ‘cov2cor’
    sinUG: no visible global function definition for ‘cov2cor’
    Undefined global functions or variables:
     abline axis box cov2cor par plot pnorm title
    Consider adding
     importFrom("graphics", "abline", "axis", "box", "par", "plot", "title")
     importFrom("stats", "cov2cor", "pnorm")
    to your NAMESPACE file.
Flavors: r-oldrel-macos-x86_64, r-oldrel-windows-ix86+x86_64