Last updated on 2020-12-01 00:46:55 CET.
Flavor | Version | Tinstall | Tcheck | Ttotal | Status | Flags |
---|---|---|---|---|---|---|
r-devel-linux-x86_64-debian-clang | 0.1.1 | 4.33 | 36.86 | 41.19 | OK | |
r-devel-linux-x86_64-debian-gcc | 0.1.1 | 3.39 | 29.64 | 33.03 | OK | |
r-devel-linux-x86_64-fedora-clang | 0.1.1 | 54.30 | NOTE | |||
r-devel-linux-x86_64-fedora-gcc | 0.1.1 | 45.44 | NOTE | |||
r-devel-windows-ix86+x86_64 | 0.1.1 | 8.00 | 55.00 | 63.00 | OK | |
r-patched-linux-x86_64 | 0.1.1 | 5.53 | 35.66 | 41.19 | OK | |
r-patched-solaris-x86 | 0.1.1 | 73.90 | NOTE | |||
r-release-linux-x86_64 | 0.1.1 | 3.75 | 35.76 | 39.51 | OK | |
r-release-macos-x86_64 | 0.1.1 | NOTE | ||||
r-release-windows-ix86+x86_64 | 0.1.1 | 7.00 | 44.00 | 51.00 | OK | |
r-oldrel-macos-x86_64 | 0.1.1 | NOTE | ||||
r-oldrel-windows-ix86+x86_64 | 0.1.1 | 5.00 | 53.00 | 58.00 | OK |
Version: 0.1.1
Check: dependencies in R code
Result: NOTE
Namespace in Imports field not imported from: ‘covr’
All declared Imports should be used.
Flavors: r-devel-linux-x86_64-fedora-clang, r-devel-linux-x86_64-fedora-gcc, r-patched-solaris-x86, r-release-macos-x86_64, r-oldrel-macos-x86_64