Last updated on 2020-12-01 00:46:55 CET.
Flavor | Version | Tinstall | Tcheck | Ttotal | Status | Flags |
---|---|---|---|---|---|---|
r-devel-linux-x86_64-debian-clang | 0.1.3 | 48.71 | 345.90 | 394.61 | OK | |
r-devel-linux-x86_64-debian-gcc | 0.1.3 | 33.08 | 263.33 | 296.41 | OK | |
r-devel-linux-x86_64-fedora-clang | 0.1.3 | 478.29 | NOTE | |||
r-devel-linux-x86_64-fedora-gcc | 0.1.3 | 473.63 | NOTE | |||
r-devel-windows-ix86+x86_64 | 0.1.3 | 92.00 | 378.00 | 470.00 | OK | |
r-patched-linux-x86_64 | 0.1.3 | 36.81 | 324.78 | 361.59 | OK | |
r-patched-solaris-x86 | 0.1.3 | 675.20 | NOTE | |||
r-release-linux-x86_64 | 0.1.3 | 35.68 | 320.92 | 356.60 | OK | |
r-release-macos-x86_64 | 0.1.3 | ERROR | ||||
r-release-windows-ix86+x86_64 | 0.1.3 | 61.00 | 284.00 | 345.00 | OK | |
r-oldrel-macos-x86_64 | 0.1.3 | ERROR | ||||
r-oldrel-windows-ix86+x86_64 | 0.1.3 | 54.00 | 279.00 | 333.00 | OK |
Version: 0.1.3
Check: dependencies in R code
Result: NOTE
Namespace in Imports field not imported from: ‘quadprog’
All declared Imports should be used.
Flavors: r-devel-linux-x86_64-fedora-clang, r-devel-linux-x86_64-fedora-gcc, r-patched-solaris-x86
Version: 0.1.3
Check: installed package size
Result: NOTE
installed size is 5.0Mb
sub-directories of 1Mb or more:
data 2.1Mb
extdata 1.6Mb
Flavor: r-patched-solaris-x86
Version: 0.1.3
Check: package dependencies
Result: ERROR
Package required but not available: ‘maftools’
See section ‘The DESCRIPTION file’ in the ‘Writing R Extensions’
manual.
Flavors: r-release-macos-x86_64, r-oldrel-macos-x86_64