CRAN Package Check Results for Package SNPmaxsel

Last updated on 2020-12-01 00:46:55 CET.

Flavor Version Tinstall Tcheck Ttotal Status Flags
r-devel-linux-x86_64-debian-clang 1.0-3 3.43 26.02 29.45 NOTE
r-devel-linux-x86_64-debian-gcc 1.0-3 2.34 20.05 22.39 NOTE
r-devel-linux-x86_64-fedora-clang 1.0-3 40.02 NOTE
r-devel-linux-x86_64-fedora-gcc 1.0-3 31.15 NOTE
r-devel-windows-ix86+x86_64 1.0-3 5.00 39.00 44.00 NOTE
r-patched-linux-x86_64 1.0-3 3.51 23.87 27.38 NOTE
r-patched-solaris-x86 1.0-3 46.00 NOTE
r-release-linux-x86_64 1.0-3 3.26 24.77 28.03 NOTE
r-release-macos-x86_64 1.0-3 NOTE
r-release-windows-ix86+x86_64 1.0-3 4.00 41.00 45.00 NOTE
r-oldrel-macos-x86_64 1.0-3 NOTE
r-oldrel-windows-ix86+x86_64 1.0-3 7.00 41.00 48.00 NOTE

Check Details

Version: 1.0-3
Check: DESCRIPTION meta-information
Result: NOTE
    Packages listed in more than one of Depends, Imports, Suggests, Enhances:
     'mvtnorm' 'combinat'
    A package should be listed in only one of these fields.
Flavors: r-devel-linux-x86_64-debian-clang, r-devel-linux-x86_64-debian-gcc, r-devel-linux-x86_64-fedora-clang, r-devel-linux-x86_64-fedora-gcc, r-devel-windows-ix86+x86_64, r-patched-linux-x86_64, r-patched-solaris-x86, r-release-linux-x86_64, r-release-macos-x86_64, r-release-windows-ix86+x86_64, r-oldrel-macos-x86_64, r-oldrel-windows-ix86+x86_64

Version: 1.0-3
Check: R code for possible problems
Result: NOTE
    chisq.test.a: no visible global function definition for 'chisq.test'
    maxsel: no visible global function definition for 'complete.cases'
    maxsel.asymp.test: no visible global function definition for
     'complete.cases'
    Undefined global functions or variables:
     chisq.test complete.cases
    Consider adding
     importFrom("stats", "chisq.test", "complete.cases")
    to your NAMESPACE file.
Flavors: r-devel-linux-x86_64-debian-clang, r-devel-linux-x86_64-debian-gcc, r-devel-linux-x86_64-fedora-clang, r-devel-linux-x86_64-fedora-gcc, r-devel-windows-ix86+x86_64, r-patched-linux-x86_64, r-patched-solaris-x86, r-release-linux-x86_64, r-release-macos-x86_64, r-release-windows-ix86+x86_64, r-oldrel-macos-x86_64, r-oldrel-windows-ix86+x86_64