Last updated on 2020-12-01 00:46:54 CET.
Flavor | Version | Tinstall | Tcheck | Ttotal | Status | Flags |
---|---|---|---|---|---|---|
r-devel-linux-x86_64-debian-clang | 0.0.3 | 14.37 | 72.02 | 86.39 | OK | |
r-devel-linux-x86_64-debian-gcc | 0.0.3 | 9.53 | 54.12 | 63.65 | OK | |
r-devel-linux-x86_64-fedora-clang | 0.0.3 | 109.42 | OK | |||
r-devel-linux-x86_64-fedora-gcc | 0.0.3 | 98.30 | OK | |||
r-devel-windows-ix86+x86_64 | 0.0.3 | 21.00 | 90.00 | 111.00 | OK | |
r-patched-linux-x86_64 | 0.0.3 | 12.42 | 66.61 | 79.03 | OK | |
r-patched-solaris-x86 | 0.0.3 | 131.50 | OK | |||
r-release-linux-x86_64 | 0.0.3 | 10.24 | 68.29 | 78.53 | OK | |
r-release-macos-x86_64 | 0.0.3 | OK | ||||
r-release-windows-ix86+x86_64 | 0.0.3 | 16.00 | 64.00 | 80.00 | OK | |
r-oldrel-macos-x86_64 | 0.0.3 | WARN | ||||
r-oldrel-windows-ix86+x86_64 | 0.0.3 | 16.00 | 84.00 | 100.00 | OK |
Version: 0.0.3
Check: whether package can be installed
Result: WARN
Found the following significant warnings:
Note: possible error in 'getSelectedNodes(node.suids = TRUE)': unused argument (node.suids = TRUE)
See ‘/Volumes/SSD-Data/Builds/R-dev-web/QA/Simon/packages/el-capitan-x86_64/results/3.6/ScriptMapR.Rcheck/00install.out’ for details.
Information on the location(s) of code generating the ‘Note’s can be
obtained by re-running with environment variable R_KEEP_PKG_SOURCE set
to ‘yes’.
Flavor: r-oldrel-macos-x86_64
Version: 0.0.3
Check: R code for possible problems
Result: NOTE
scriptmapr: possible error in getSelectedNodes(node.suids = TRUE):
unused argument (node.suids = TRUE)
Flavor: r-oldrel-macos-x86_64