Last updated on 2020-12-01 00:46:55 CET.
Flavor | Version | Tinstall | Tcheck | Ttotal | Status | Flags |
---|---|---|---|---|---|---|
r-devel-linux-x86_64-debian-clang | 0.8.2 | 3.16 | 53.08 | 56.24 | NOTE | |
r-devel-linux-x86_64-debian-gcc | 0.8.2 | 2.11 | 36.63 | 38.74 | NOTE | |
r-devel-linux-x86_64-fedora-clang | 0.8.2 | 71.34 | NOTE | |||
r-devel-linux-x86_64-fedora-gcc | 0.8.2 | 61.19 | NOTE | |||
r-devel-windows-ix86+x86_64 | 0.8.2 | 6.00 | 69.00 | 75.00 | NOTE | |
r-patched-linux-x86_64 | 0.8.2 | 3.07 | 49.78 | 52.85 | NOTE | |
r-patched-solaris-x86 | 0.8.2 | 84.30 | NOTE | |||
r-release-linux-x86_64 | 0.8.2 | 3.18 | 49.24 | 52.42 | NOTE | |
r-release-macos-x86_64 | 0.8.2 | NOTE | ||||
r-release-windows-ix86+x86_64 | 0.8.2 | 5.00 | 49.00 | 54.00 | NOTE | |
r-oldrel-macos-x86_64 | 0.8.2 | NOTE | ||||
r-oldrel-windows-ix86+x86_64 | 0.8.2 | 4.00 | 66.00 | 70.00 | NOTE |
Version: 0.8.2
Check: DESCRIPTION meta-information
Result: NOTE
Malformed Description field: should contain one or more complete sentences.
Flavors: r-devel-linux-x86_64-debian-clang, r-devel-linux-x86_64-debian-gcc, r-devel-linux-x86_64-fedora-clang, r-devel-linux-x86_64-fedora-gcc, r-devel-windows-ix86+x86_64, r-patched-linux-x86_64, r-patched-solaris-x86, r-release-linux-x86_64, r-release-macos-x86_64, r-release-windows-ix86+x86_64, r-oldrel-macos-x86_64, r-oldrel-windows-ix86+x86_64