CRAN Package Check Results for Package StepwiseTest

Last updated on 2020-12-01 00:46:56 CET.

Flavor Version Tinstall Tcheck Ttotal Status Flags
r-devel-linux-x86_64-debian-clang 1.0 40.87 26.46 67.33 OK
r-devel-linux-x86_64-debian-gcc 1.0 40.63 19.89 60.52 OK
r-devel-linux-x86_64-fedora-clang 1.0 83.36 NOTE
r-devel-linux-x86_64-fedora-gcc 1.0 69.71 NOTE
r-devel-windows-ix86+x86_64 1.0 76.00 68.00 144.00 OK
r-patched-linux-x86_64 1.0 59.61 24.52 84.13 OK
r-patched-solaris-x86 1.0 82.20 OK
r-release-linux-x86_64 1.0 58.50 24.58 83.08 OK
r-release-macos-x86_64 1.0 OK
r-release-windows-ix86+x86_64 1.0 76.00 53.00 129.00 OK
r-oldrel-macos-x86_64 1.0 OK
r-oldrel-windows-ix86+x86_64 1.0 58.00 61.00 119.00 OK

Check Details

Version: 1.0
Check: compiled code
Result: NOTE
    File ‘StepwiseTest/libs/StepwiseTest.so’:
     Found no calls to: ‘R_registerRoutines’, ‘R_useDynamicSymbols’
    
    It is good practice to register native routines and to disable symbol
    search.
    
    See ‘Writing portable packages’ in the ‘Writing R Extensions’ manual.
Flavors: r-devel-linux-x86_64-fedora-clang, r-devel-linux-x86_64-fedora-gcc