CRAN Package Check Results for Package Tendril

Last updated on 2020-12-01 00:46:57 CET.

Flavor Version Tinstall Tcheck Ttotal Status Flags
r-devel-linux-x86_64-debian-clang 2.0.4 5.65 157.51 163.16 OK
r-devel-linux-x86_64-debian-gcc 2.0.4 4.59 118.50 123.09 OK
r-devel-linux-x86_64-fedora-clang 2.0.4 192.04 NOTE
r-devel-linux-x86_64-fedora-gcc 2.0.4 194.39 NOTE
r-devel-windows-ix86+x86_64 2.0.4 9.00 184.00 193.00 OK
r-patched-linux-x86_64 2.0.4 5.15 158.90 164.05 OK
r-patched-solaris-x86 2.0.4 256.30 NOTE
r-release-linux-x86_64 2.0.4 5.40 157.94 163.34 OK
r-release-macos-x86_64 2.0.4 NOTE
r-release-windows-ix86+x86_64 2.0.4 7.00 151.00 158.00 OK
r-oldrel-macos-x86_64 2.0.4 NOTE
r-oldrel-windows-ix86+x86_64 2.0.4 14.00 189.00 203.00 OK

Check Details

Version: 2.0.4
Check: dependencies in R code
Result: NOTE
    Namespace in Imports field not imported from: ‘graphics’
     All declared Imports should be used.
Flavors: r-devel-linux-x86_64-fedora-clang, r-devel-linux-x86_64-fedora-gcc, r-patched-solaris-x86, r-release-macos-x86_64, r-oldrel-macos-x86_64