CRAN Package Check Results for Package TestDimorph

Last updated on 2020-12-01 00:46:57 CET.

Flavor Version Tinstall Tcheck Ttotal Status Flags
r-devel-linux-x86_64-debian-clang 0.3.5 20.23 148.97 169.20 OK
r-devel-linux-x86_64-debian-gcc 0.3.5 13.91 114.38 128.29 OK
r-devel-linux-x86_64-fedora-clang 0.3.5 202.18 OK
r-devel-linux-x86_64-fedora-gcc 0.3.5 196.95 OK
r-devel-windows-ix86+x86_64 0.3.5 36.00 172.00 208.00 OK
r-patched-linux-x86_64 0.3.5 1.14 3.64 4.78 ERROR
r-patched-solaris-x86 0.3.5 279.90 OK
r-release-linux-x86_64 0.3.5 1.70 5.54 7.24 ERROR
r-release-macos-x86_64 0.3.5 OK
r-release-windows-ix86+x86_64 0.3.5 28.00 133.00 161.00 OK
r-oldrel-macos-x86_64 0.3.5 OK
r-oldrel-windows-ix86+x86_64 0.3.5 32.00 165.00 197.00 OK

Check Details

Version: 0.3.5
Check: package dependencies
Result: ERROR
    Package required but not available: ‘Rfast’
    
    See section ‘The DESCRIPTION file’ in the ‘Writing R Extensions’
    manual.
Flavors: r-patched-linux-x86_64, r-release-linux-x86_64