Last updated on 2020-12-01 00:46:57 CET.
Flavor | Version | Tinstall | Tcheck | Ttotal | Status | Flags |
---|---|---|---|---|---|---|
r-devel-linux-x86_64-debian-clang | 1.0.1 | 2.30 | 26.97 | 29.27 | NOTE | |
r-devel-linux-x86_64-debian-gcc | 1.0.1 | 1.81 | 23.01 | 24.82 | NOTE | |
r-devel-linux-x86_64-fedora-clang | 1.0.1 | 42.93 | NOTE | |||
r-devel-linux-x86_64-fedora-gcc | 1.0.1 | 33.25 | NOTE | |||
r-devel-windows-ix86+x86_64 | 1.0.1 | 4.00 | 37.00 | 41.00 | OK | |
r-patched-linux-x86_64 | 1.0.1 | 2.40 | 27.25 | 29.65 | NOTE | |
r-patched-solaris-x86 | 1.0.1 | 55.40 | NOTE | |||
r-release-linux-x86_64 | 1.0.1 | 2.63 | 27.19 | 29.82 | NOTE | |
r-release-macos-x86_64 | 1.0.1 | NOTE | ||||
r-release-windows-ix86+x86_64 | 1.0.1 | 5.00 | 28.00 | 33.00 | OK | |
r-oldrel-macos-x86_64 | 1.0.1 | OK | ||||
r-oldrel-windows-ix86+x86_64 | 1.0.1 | 3.00 | 34.00 | 37.00 | OK |
Version: 1.0.1
Check: package dependencies
Result: NOTE
Package suggested but not available for checking: 'CollessLike'
Flavors: r-devel-linux-x86_64-debian-clang, r-devel-linux-x86_64-debian-gcc, r-devel-linux-x86_64-fedora-clang, r-devel-linux-x86_64-fedora-gcc, r-patched-linux-x86_64, r-patched-solaris-x86, r-release-linux-x86_64, r-release-macos-x86_64
Version: 1.0.1
Check: Rd cross-references
Result: NOTE
Unknown package 'CollessLike' in Rd xrefs
Flavors: r-devel-linux-x86_64-debian-clang, r-devel-linux-x86_64-debian-gcc, r-devel-linux-x86_64-fedora-clang, r-devel-linux-x86_64-fedora-gcc, r-patched-linux-x86_64, r-patched-solaris-x86, r-release-linux-x86_64, r-release-macos-x86_64