Last updated on 2020-12-01 00:46:58 CET.
Flavor | Version | Tinstall | Tcheck | Ttotal | Status | Flags |
---|---|---|---|---|---|---|
r-devel-linux-x86_64-debian-clang | 0.5.0 | 10.85 | 51.81 | 62.66 | OK | |
r-devel-linux-x86_64-debian-gcc | 0.5.0 | 7.05 | 40.87 | 47.92 | OK | |
r-devel-linux-x86_64-fedora-clang | 0.5.0 | 77.27 | NOTE | |||
r-devel-linux-x86_64-fedora-gcc | 0.5.0 | 68.36 | NOTE | |||
r-devel-windows-ix86+x86_64 | 0.5.0 | 18.00 | 71.00 | 89.00 | OK | |
r-patched-linux-x86_64 | 0.5.0 | 8.10 | 50.82 | 58.92 | OK | |
r-patched-solaris-x86 | 0.5.0 | 110.50 | NOTE | |||
r-release-linux-x86_64 | 0.5.0 | 8.42 | 50.48 | 58.90 | OK | |
r-release-macos-x86_64 | 0.5.0 | NOTE | ||||
r-release-windows-ix86+x86_64 | 0.5.0 | 14.00 | 58.00 | 72.00 | OK | |
r-oldrel-macos-x86_64 | 0.5.0 | NOTE | ||||
r-oldrel-windows-ix86+x86_64 | 0.5.0 | 19.00 | 69.00 | 88.00 | OK |
Version: 0.5.0
Check: dependencies in R code
Result: NOTE
Namespaces in Imports field not imported from:
‘DT’ ‘RColorBrewer’ ‘plotly’ ‘shinyBS’ ‘shinyWidgets’ ‘shinyjs’
‘shinythemes’ ‘zip’
All declared Imports should be used.
Flavors: r-devel-linux-x86_64-fedora-clang, r-devel-linux-x86_64-fedora-gcc, r-patched-solaris-x86, r-release-macos-x86_64, r-oldrel-macos-x86_64
Version: 0.5.0
Check: data for non-ASCII characters
Result: NOTE
Note: found 162 marked UTF-8 strings
Flavors: r-devel-linux-x86_64-fedora-clang, r-devel-linux-x86_64-fedora-gcc, r-patched-solaris-x86, r-release-macos-x86_64, r-oldrel-macos-x86_64