CRAN Package Check Results for Package USAboundaries

Last updated on 2020-12-01 00:46:58 CET.

Flavor Version Tinstall Tcheck Ttotal Status Flags
r-devel-linux-x86_64-debian-clang 0.3.1 3.10 28.12 31.22 NOTE
r-devel-linux-x86_64-debian-gcc 0.3.1 2.13 22.15 24.28 NOTE
r-devel-linux-x86_64-fedora-clang 0.3.1 44.58 NOTE
r-devel-linux-x86_64-fedora-gcc 0.3.1 33.97 NOTE
r-devel-windows-ix86+x86_64 0.3.1 5.00 42.00 47.00 NOTE
r-patched-linux-x86_64 0.3.1 3.25 27.84 31.09 NOTE
r-patched-solaris-x86 0.3.1 54.30 NOTE
r-release-linux-x86_64 0.3.1 3.10 27.30 30.40 NOTE
r-release-macos-x86_64 0.3.1 NOTE
r-release-windows-ix86+x86_64 0.3.1 6.00 34.00 40.00 NOTE
r-oldrel-macos-x86_64 0.3.1 NOTE
r-oldrel-windows-ix86+x86_64 0.3.1 4.00 40.00 44.00 NOTE

Check Details

Version: 0.3.1
Check: package dependencies
Result: NOTE
    Package suggested but not available for checking: 'USAboundariesData'
Flavors: r-devel-linux-x86_64-debian-clang, r-devel-linux-x86_64-debian-gcc, r-devel-linux-x86_64-fedora-clang, r-devel-linux-x86_64-fedora-gcc, r-devel-windows-ix86+x86_64, r-patched-linux-x86_64, r-patched-solaris-x86, r-release-linux-x86_64, r-release-macos-x86_64, r-release-windows-ix86+x86_64, r-oldrel-macos-x86_64, r-oldrel-windows-ix86+x86_64