Last updated on 2020-12-01 00:46:58 CET.
Flavor | Version | Tinstall | Tcheck | Ttotal | Status | Flags |
---|---|---|---|---|---|---|
r-devel-linux-x86_64-debian-clang | 0.1.1 | 5.84 | 32.38 | 38.22 | OK | |
r-devel-linux-x86_64-debian-gcc | 0.1.1 | 4.40 | 25.48 | 29.88 | OK | |
r-devel-linux-x86_64-fedora-clang | 0.1.1 | 50.18 | NOTE | |||
r-devel-linux-x86_64-fedora-gcc | 0.1.1 | 39.46 | NOTE | |||
r-devel-windows-ix86+x86_64 | 0.1.1 | 8.00 | 53.00 | 61.00 | OK | |
r-patched-linux-x86_64 | 0.1.1 | 4.89 | 31.46 | 36.35 | OK | |
r-patched-solaris-x86 | 0.1.1 | 55.60 | NOTE | |||
r-release-linux-x86_64 | 0.1.1 | 4.62 | 30.27 | 34.89 | OK | |
r-release-macos-x86_64 | 0.1.1 | NOTE | ||||
r-release-windows-ix86+x86_64 | 0.1.1 | 7.00 | 44.00 | 51.00 | OK | |
r-oldrel-macos-x86_64 | 0.1.1 | NOTE | ||||
r-oldrel-windows-ix86+x86_64 | 0.1.1 | 6.00 | 51.00 | 57.00 | OK |
Version: 0.1.1
Check: dependencies in R code
Result: NOTE
Namespace in Imports field not imported from: ‘tsibble’
All declared Imports should be used.
Flavors: r-devel-linux-x86_64-fedora-clang, r-devel-linux-x86_64-fedora-gcc, r-patched-solaris-x86, r-release-macos-x86_64, r-oldrel-macos-x86_64