Last updated on 2020-12-01 00:46:58 CET.
Flavor | Version | Tinstall | Tcheck | Ttotal | Status | Flags |
---|---|---|---|---|---|---|
r-devel-linux-x86_64-debian-clang | 1.1.0 | 51.72 | 346.02 | 397.74 | OK | |
r-devel-linux-x86_64-debian-gcc | 1.1.0 | 34.67 | 258.31 | 292.98 | OK | |
r-devel-linux-x86_64-fedora-clang | 1.1.0 | 489.58 | NOTE | |||
r-devel-linux-x86_64-fedora-gcc | 1.1.0 | 481.57 | OK | |||
r-devel-windows-ix86+x86_64 | 1.1.0 | 89.00 | 373.00 | 462.00 | NOTE | |
r-patched-linux-x86_64 | 1.1.0 | 37.56 | 320.49 | 358.05 | OK | |
r-patched-solaris-x86 | 1.1.0 | 634.80 | NOTE | |||
r-release-linux-x86_64 | 1.1.0 | 38.79 | 322.92 | 361.71 | OK | |
r-release-macos-x86_64 | 1.1.0 | NOTE | ||||
r-release-windows-ix86+x86_64 | 1.1.0 | 64.00 | 285.00 | 349.00 | NOTE | |
r-oldrel-macos-x86_64 | 1.1.0 | ERROR | ||||
r-oldrel-windows-ix86+x86_64 | 1.1.0 | 72.00 | 358.00 | 430.00 | NOTE |
Version: 1.1.0
Check: installed package size
Result: NOTE
installed size is 9.5Mb
sub-directories of 1Mb or more:
extdata 8.7Mb
Flavors: r-devel-linux-x86_64-fedora-clang, r-devel-windows-ix86+x86_64, r-patched-solaris-x86, r-release-macos-x86_64, r-release-windows-ix86+x86_64, r-oldrel-windows-ix86+x86_64
Version: 1.1.0
Check: whether package can be installed
Result: ERROR
Installation failed.
Flavor: r-oldrel-macos-x86_64